 common factor of l and 7?
7
Suppose -2*m - 2*j + 40 = 0, -j - j = -5*m + 65. Calculate the highest common divisor of m and 3.
3
Suppose 3*j + 0*j = -3*p + 93, -44 = -2*p + 4*j. Calculate the highest common factor of p and 7.
7
Let q = 38 + -22. What is the highest common factor of 20 and q?
4
Let k = -237 - -391. Calculate the greatest common divisor of k and 14.
14
Let d be 1 + 2 - (-628)/(5 + -1). What is the greatest common divisor of d and 32?
32
Let s(w) = w**2 + 12*w - 1. Let l be s(-14). Calculate the highest common factor of 81 and l.
27
Suppose -34 = -0*i - 2*i. Let n be 68*((-2)/(-1))/4. What is the greatest common divisor of i and n?
17
Let v(d) = d**2 + 7*d + 7. Let q be v(-5). Let m = q - -5. Let y(k) = 14*k**2 - k + 2. Let l be y(m). Calculate the greatest common factor of l and 8.
8
Suppose -o = -4*l + 2 - 0, 5*o - 3*l - 7 = 0. What is the highest common factor of o and 8?
2
Let z(h) = -4*h - 6. Let v be z(-5). Suppose -47 = -5*k + 38. Suppose 122 - k = 5*j. What is the highest common factor of v and j?
7
Let w be 3 - 1/(1/3). Suppose t - 3*t + 48 = w. Calculate the highest common divisor of t and 60.
12
Suppose -11 = -6*o + 1. Suppose o*w = 5*w - 51. What is the highest common factor of w and 68?
17
Let z(a) = -a**2 + 3*a + 3. Let x be z(3). Calculate the highest common divisor of x and 3.
3
Suppose -4*o - 9 = -7*o. Let w be (12/(-10))/(4/(-10)). Suppose -2*g - 5*v = w*g - 35, -38 = -4*g + v. What is the highest common divisor of o and g?
3
Let h = -18 - -12. Let n be (-27)/6*h/9. Suppose n*i - 5*z = 151, 39 = 2*i + z - 40. What is the greatest common divisor of i and 105?
21
Suppose -5*u - 6*a + 35 = -a, 2*u - 30 = 2*a. Suppose -w - 2*j = 4 - 3, -8 = -4*w + 4*j. What is the greatest common factor of u and w?
1
Suppose 2*q + 8 = 0, 0 = 3*i - 4*i + 5*q + 35. What is the highest common factor of 3 and i?
3
Let z(t) = t + 1. Let d be z(13). Let w(c) = -6*c - 8. Let n be w(-6). Calculate the highest common divisor of n and d.
14
Let c be -20*1*(-4 + 3). What is the greatest common factor of 180 and c?
20
Suppose 23*g = 27*g - 184. Calculate the greatest common factor of g and 69.
23
Let z = -15 - -20. Suppose l - 3*r - 48 = -2*r, -z*l + 219 = 2*r. What is the highest common factor of l and 30?
15
Let l = 13 - 1. Calculate the highest common factor of l and 2.
2
Let p = -208 + 256. Let u(m) = m**3 + 6*m**2 - m. Let j be u(-6). Calculate the highest common factor of p and j.
6
Let h(o) = o**2 - 3*o + 2. Let l be h(4). Suppose -4*z + 8 = -2*z. What is the highest common divisor of z and l?
2
Let c = 1 + -2. Let h be c*(3 - (14 + -1)). Calculate the highest common divisor of h and 50.
10
Let r be (3/4 - (-1310)/(-40))/(-1). Calculate the highest common divisor of 64 and r.
32
Suppose 2*s + 74 = 5*x, 0 = 3*s - 7*s + 12. Let t be (0 - 1)/(1/(-43)). Let d be 4/x - t/(-4). What is the highest common divisor of d and 11?
11
Suppose 4*r + 12*w - 99 = 15*w, -w = r - 30. Calculate the highest common factor of r and 3.
3
Let b be ((-12)/7)/(2/(-7)). Let u be (-3)/b*(0 - 22). Calculate the greatest common divisor of 11 and u.
11
Suppose -150 = -2*f - f. Suppose -a - f = -2*a. What is the greatest common factor of 10 and a?
10
Let v be 2 + 1/(3/6). Suppose 3*i - 196 = v*t, 0 = -i - 4*t - 0*t + 44. What is the greatest common factor of i and 15?
15
Let a be ((-3)/(-6))/(2/16). What is the greatest common divisor of 28 and a?
4
Let n be (-10)/2*2*15/(-50). What is the greatest common divisor of n and 1?
1
Suppose 7*a + 4 = 9*a. Calculate the highest common divisor of a and 8.
2
Let x be (12/(-11))/((-2)/11). Calculate the highest common factor of x and 4.
2
Suppose 8 = 2*p + 2*r, p + 3*r = 3*p + 7. Calculate the highest common factor of p and 2.
1
Let t(v) = -v**3 - 3*v**2 - v + 13. Let m be t(-5). Let g = 41 + -24. What is the highest common divisor of m and g?
17
Let t(q) = 11*q - 5 - q + 1. Let p be t(4). What is the greatest common divisor of p and 9?
9
Let l be (6/(-4))/((-2)/4). Suppose -3*c - 3*x + 0*x = -39, 4*c - l*x = 17. What is the greatest common factor of 2 and c?
2
Suppose 17*o = -134 + 406. Calculate the greatest common factor of 176 and o.
16
Suppose 2*n = -58 - 6. Let s = 126 - 61. Let z = n + s. What is the highest common divisor of z and 11?
11
Suppose 0 = -5*x + 4*x + 11. Let o = x + -11. Suppose o*g - 5*g + 150 = 0. Calculate the highest common divisor of 10 and g.
10
Suppose -200 = -3*s - 2*s. Calculate the highest common factor of 24 and s.
8
Suppose 4*v - 93 = 3*r + 2*r, -2*r - 44 = -2*v. Calculate the highest common divisor of 51 and v.
17
Suppose 0 = -6*b + 30 + 54. What is the greatest common divisor of b and 182?
14
Let r = 13 + -11. Suppose r*b + 15 = 33. Let w be (-4)/(-2)*1 + 1. Calculate the greatest common divisor of w and b.
3
Suppose 5*a + 2*a - 14 = 0. Let h(y) = 4*y + 2*y**2 - 2 + y**2 - 1. Let r be h(a). Calculate the greatest common factor of 51 and r.
17
Suppose k - 349 = -43. Suppose -1397 = -5*j + 2*z, k = 2*j - 2*z - 254. Let s = -162 + j. What is the highest common divisor of 13 and s?
13
Let p = -100 - -150. Suppose -w + 6*w = p. Suppose 113 = 6*r - 7. Calculate the highest common divisor of r and w.
10
Suppose -2*n = y + 1, 4*n + 0*y - 18 = 2*y. Suppose l + n*l = -6, -3*j = 5*l - 89. Calculate the highest common divisor of j and 22.
11
Let m be -2*5/(-2)*-1. Let g be (-4)/(2 - 6) - m. What is the greatest common factor of g and 15?
3
Suppose 0 = 3*f - 3*p + p - 13, -3*f + 7 = p. Let j(x) = 3*x**2 - 2*x - 3. Let k be j(f). Calculate the greatest common divisor of k and 12.
6
Let z = -234 + 388. Calculate the highest common factor of 14 and z.
14
Let s = 1 - 1. Suppose 5*a - g - 41 = s, 0 = 4*a - 6*a - g + 22. Suppose 5*t - 32 - 193 = 0. Calculate the highest common divisor of a and t.
9
Let n = 5 - -9. Let x be (-4)/n - (-195)/21. What is the highest common divisor of x and 3?
3
Let s(m) = -m**3 + 6*m**2 + m - 2. Let v be s(6). Let r(f) = 52*f. Let h be r(v). Calculate the highest common factor of h and 26.
26
Let i(y) = -34*y**2 - y - 2. Let v(a) = -34*a**2 - 2*a - 3. Let d(p) = -3*i(p) + 2*v(p). Let o be d(1). What is the greatest common divisor of o and 3?
3
Let y(v) = 14*v**3 + 3*v**2 - 3*v + 3. Let a be y(2). Suppose -4*n = -35 - 9. Calculate the greatest common divisor of a and n.
11
Let j(r) = r**3 - 8*r**2 + 4*r + 9. Let o be j(9). Let f = o - 0. Let h = 26 + -12. Calculate the highest common divisor of f and h.
14
Suppose b + 292 = 4*f, 5*b + 213 = 2*f + 49. What is the greatest common divisor of 8 and f?
8
Suppose 12 = 114*f - 108*f. Calculate the greatest common factor of f and 10.
2
Let p(u) = -u**2 - 9*u. Let t be p(-8). Suppose -80 = 3*h - t*h. Calculate the greatest common factor of 64 and h.
16
Let t be 2/6 + (-71)/(-3). Suppose -t = -5*h + 6. Suppose -h*y + 3*y = 4*m - 215, y = m - 59. Calculate the greatest common divisor of 7 and m.
7
Suppose -2*f - 3 = 5*d - 9, 2*d - 6 = -2*f. What is the greatest common factor of 48 and f?
3
Suppose 3*o - 122 = -26. Suppose 0*t + 4*w = 4*t - 44, -5*t = -2*w - 61. Let b = t - 9. What is the highest common divisor of b and o?
4
Let m(f) = -2*f**3 - 6*f**2 - 2*f - 4. Let a be m(-4). What is the greatest common divisor of 6 and a?
6
Let m(v) = 1 - 2*v + 6*v + v + 6*v. Let n be m(4). Let h(d) = d**3 - 7*d**2 + 7*d - 1. Let f be h(6). Calculate the highest common divisor of n and f.
5
Let j(i) = -i**2 + 20*i + 18. Let b be j(20). What is the highest common factor of b and 36?
18
Let g(h) = -h**2 + 2*h + 2. Let u be g(3). Let p be 0 - (2 + -25 + u). Calculate the greatest common factor of 12 and p.
12
Let u be (-2)/((-2)/(-8)*-2). Suppose -5*c - 3*q = -29, -4*q - q = 5*c - 35. Calculate the greatest common factor of u and c.
4
Suppose q = 3*q. Suppose -3*t + 33 = -h, 4*t + q*t + 5*h = 44. What is the greatest common divisor of 1 and t?
1
Let c be (2 - 0)/(4/38). What is the greatest common factor of 171 and c?
19
Let m = 9 - 2. Calculate the highest common factor of m and 14.
7
Let d(r) be the third derivative of r**5/60 + r**4/3 - 2*r**3 - 3*r**2. Let z be d(-9). Let t = z + 7. Calculate the greatest common divisor of 28 and t.
4
Suppose 5*w - 21 = -4*x + 6*w, -w = -2*x + 13. Suppose x*p - 77 = -y, -2*p + 25 = -y - 6. What is the greatest common div